{"id":4673,"date":"2021-11-21T18:40:29","date_gmt":"2021-11-21T16:40:29","guid":{"rendered":"https:\/\/casa-sensi.com\/accommodation\/la-casa-de-huespedes\/"},"modified":"2022-12-19T21:50:52","modified_gmt":"2022-12-19T19:50:52","slug":"la-casa-de-huespedes","status":"publish","type":"mphb_room_type","link":"https:\/\/casa-sensi.com\/es\/accommodation\/la-casa-de-huespedes\/","title":{"rendered":"El apartamento"},"content":{"rendered":"<p>Nuestra casa de hu\u00e9spedes Casa Sensi es completamente nueva. Nuestros hu\u00e9spedes tienen su propia entrada, su propia terraza cubierta con sof\u00e1, mesa de comedor y hamaca y su propia parte del jard\u00edn. Hay dos camas de 90cm x 200cm acopladas. Los hu\u00e9spedes pueden utilizar la gran piscina y la terraza de la piscina (de 01-05 a 01-10). El apartamento incluye una cocina para preparar el desayuno o una comida f\u00e1cil. Hay Wi-Fi r\u00e1pido y aparcamiento delante de la casa.<\/p>\n<p>Hemos elegido los colores y los materiales con mucho cuidado. Hemos tenido en cuenta el estilo de nuestra casa. Es un espacio en el que podr\u00e1 relajarse y en el que podr\u00e1 disfrutar de las instalaciones para una estancia agradable y c\u00f3moda. El apartamento est\u00e1 situado de tal manera que proporciona privacidad.<\/p>\n\n\n<table id=\"tablepress-3\" class=\"tablepress tablepress-id-3\">\n<thead>\n<tr class=\"row-1\">\n\t<th class=\"column-1\">Per\u00edodo<\/th><th class=\"column-2\">Precio<\/th>\n<\/tr>\n<\/thead>\n<tbody class=\"row-striping\">\n<tr class=\"row-2\">\n\t<td class=\"column-1\">09-01-2023 - 30-04-2023<\/td><td class=\"column-2\">\u20ac89,- p\/noche<\/td>\n<\/tr>\n<tr class=\"row-3\">\n\t<td class=\"column-1\">01-05-2023 - 31-05-2023<\/td><td class=\"column-2\">\u20ac99,- p\/noche<\/td>\n<\/tr>\n<tr class=\"row-4\">\n\t<td class=\"column-1\">01-06-2023 - 30-06-2023<\/td><td class=\"column-2\">\u20ac109,- p\/noche<\/td>\n<\/tr>\n<tr class=\"row-5\">\n\t<td class=\"column-1\">01-07-2023 - 11-09-2023<\/td><td class=\"column-2\">\u20ac129,- p\/noche<\/td>\n<\/tr>\n<tr class=\"row-6\">\n\t<td class=\"column-1\">12-09-2023 - 30-09-2023<\/td><td class=\"column-2\">\u20ac109,- p\/noche<\/td>\n<\/tr>\n<tr class=\"row-7\">\n\t<td class=\"column-1\">1-10-2023 - 23-12-2023<\/td><td class=\"column-2\">\u20ac89,- p\/noche<\/td>\n<\/tr>\n<tr class=\"row-8\">\n\t<td class=\"column-1\">Costos de limpieza<\/td><td class=\"column-2\">\u20ac50 p\/estancia<\/td>\n<\/tr>\n<tr class=\"row-9\">\n\t<td class=\"column-1\">Aire condicionado<\/td><td class=\"column-2\">pago seg\u00fan consumo<\/td>\n<\/tr>\n<tr class=\"row-10\">\n\t<td class=\"column-1\">Tasa tur\u00edstica<\/td><td class=\"column-2\">\u20ac1,- p\/noche, p\/persona (max. 7 noches)<\/td>\n<\/tr>\n<\/tbody>\n<\/table>\n<!-- #tablepress-3 from cache -->\n","protected":false},"excerpt":{"rendered":"<p>La casa de hu\u00e9spedes est\u00e1 perfectamente equipada para 2 personas.<\/p>\n","protected":false},"featured_media":4144,"menu_order":0,"comment_status":"closed","ping_status":"closed","template":"","mphb_room_type_category":[],"mphb_room_type_tag":[],"mphb_room_type_facility":[190,201,200,196,197,194,193,192,198,195,191,199],"class_list":["post-4673","mphb_room_type","type-mphb_room_type","status-publish","has-post-thumbnail","hentry","mphb_room_type_facility-aire-acondicionado","mphb_room_type_facility-espumador-de-leche","mphb_room_type_facility-hamaca","mphb_room_type_facility-hervidor-de-agua","mphb_room_type_facility-horno","mphb_room_type_facility-maquina-nespresso","mphb_room_type_facility-nevera","mphb_room_type_facility-secador-de-pelo","mphb_room_type_facility-tostadora","mphb_room_type_facility-tv-hd-con-chromecast","mphb_room_type_facility-wi-fi-gratis","mphb_room_type_facility-zona-de-comedor-exterior","mphb-room-type-adults-1","mphb-room-type-children-0","has-taxes-and-fees"],"_links":{"self":[{"href":"https:\/\/casa-sensi.com\/es\/wp-json\/wp\/v2\/mphb_room_type\/4673","targetHints":{"allow":["GET"]}}],"collection":[{"href":"https:\/\/casa-sensi.com\/es\/wp-json\/wp\/v2\/mphb_room_type"}],"about":[{"href":"https:\/\/casa-sensi.com\/es\/wp-json\/wp\/v2\/types\/mphb_room_type"}],"replies":[{"embeddable":true,"href":"https:\/\/casa-sensi.com\/es\/wp-json\/wp\/v2\/comments?post=4673"}],"version-history":[{"count":0,"href":"https:\/\/casa-sensi.com\/es\/wp-json\/wp\/v2\/mphb_room_type\/4673\/revisions"}],"wp:featuredmedia":[{"embeddable":true,"href":"https:\/\/casa-sensi.com\/es\/wp-json\/wp\/v2\/media\/4144"}],"wp:attachment":[{"href":"https:\/\/casa-sensi.com\/es\/wp-json\/wp\/v2\/media?parent=4673"}],"wp:term":[{"taxonomy":"mphb_room_type_category","embeddable":true,"href":"https:\/\/casa-sensi.com\/es\/wp-json\/wp\/v2\/mphb_room_type_category?post=4673"},{"taxonomy":"mphb_room_type_tag","embeddable":true,"href":"https:\/\/casa-sensi.com\/es\/wp-json\/wp\/v2\/mphb_room_type_tag?post=4673"},{"taxonomy":"mphb_room_type_facility","embeddable":true,"href":"https:\/\/casa-sensi.com\/es\/wp-json\/wp\/v2\/mphb_room_type_facility?post=4673"}],"curies":[{"name":"wp","href":"https:\/\/api.w.org\/{rel}","templated":true}]}}

<p>Nuestra casa de huéspedes Casa Sensi es completamente nueva. Nuestros huéspedes tienen su propia entrada, su propia terraza cubierta con sofá, mesa de comedor y hamaca y su propia parte del jardín. Hay dos camas de 90cm x 200cm acopladas. Los huéspedes pueden utilizar la gran piscina y la terraza de la piscina (de 01-05 a 01-10). El apartamento incluye una cocina para preparar el desayuno o una comida fácil. Hay Wi-Fi rápido y aparcamiento delante de la casa.</p>
<p>Hemos elegido los colores y los materiales con mucho cuidado. Hemos tenido en cuenta el estilo de nuestra casa. Es un espacio en el que podrá relajarse y en el que podrá disfrutar de las instalaciones para una estancia agradable y cómoda. El apartamento está situado de tal manera que proporciona privacidad.</p>


<table id="tablepress-3" class="tablepress tablepress-id-3">
<thead>
<tr class="row-1">
	<th class="column-1">Período</th><th class="column-2">Precio</th>
</tr>
</thead>
<tbody class="row-striping">
<tr class="row-2">
	<td class="column-1">09-01-2023 - 30-04-2023</td><td class="column-2">€89,- p/noche</td>
</tr>
<tr class="row-3">
	<td class="column-1">01-05-2023 - 31-05-2023</td><td class="column-2">€99,- p/noche</td>
</tr>
<tr class="row-4">
	<td class="column-1">01-06-2023 - 30-06-2023</td><td class="column-2">€109,- p/noche</td>
</tr>
<tr class="row-5">
	<td class="column-1">01-07-2023 - 11-09-2023</td><td class="column-2">€129,- p/noche</td>
</tr>
<tr class="row-6">
	<td class="column-1">12-09-2023 - 30-09-2023</td><td class="column-2">€109,- p/noche</td>
</tr>
<tr class="row-7">
	<td class="column-1">1-10-2023 - 23-12-2023</td><td class="column-2">€89,- p/noche</td>
</tr>
<tr class="row-8">
	<td class="column-1">Costos de limpieza</td><td class="column-2">€50 p/estancia</td>
</tr>
<tr class="row-9">
	<td class="column-1">Aire condicionado</td><td class="column-2">pago según consumo</td>
</tr>
<tr class="row-10">
	<td class="column-1">Tasa turística</td><td class="column-2">€1,- p/noche, p/persona (max. 7 noches)</td>
</tr>
</tbody>
</table>
<!-- #tablepress-3 from cache -->

<p>La casa de huéspedes está perfectamente equipada para 2 personas.</p>
